rime factors of 4721278599.
3, 524586511
List the prime factors of 2868799671.
3, 193, 421, 3923
What are the prime factors of 730050743?
22993, 31751
What are the prime factors of 36965199?
3, 12321733
What are the prime factors of 216750324?
2, 3, 7, 61, 6043
What are the prime factors of 84879454?
2, 11, 3858157
List the prime factors of 1828801284.
2, 3, 1213, 125639
What are the prime factors of 16865429?
7, 2409347
What are the prime factors of 523589770?
2, 5, 11, 4759907
List the prime factors of 1873084163.
19, 98583377
List the prime factors of 2074022314.
2, 7, 13, 229, 7109
List the prime factors of 3255363739.
3313, 982603
What are the prime factors of 329480336?
2, 23, 193, 4639
List the prime factors of 2075757325.
5, 83030293
What are the prime factors of 541076523?
3, 13, 53, 67, 3907
What are the prime factors of 1975708736?
2, 1321, 23369
What are the prime factors of 827288438?
2, 43, 9619633
What are the prime factors of 256693060?
2, 5, 13, 113, 8737
List the prime factors of 24679918.
2, 373, 33083
What are the prime factors of 4517965675?
5, 7699, 23473
What are the prime factors of 1186230356?
2, 83, 3572983
What are the prime factors of 445344714?
2, 3, 24741373
What are the prime factors of 2062151831?
2029, 1016339
List the prime factors of 40636481.
40636481
What are the prime factors of 8875872359?
113, 695111
List the prime factors of 57361629.
3, 13, 59, 97, 257
What are the prime factors of 1427291433?
3, 158587937
List the prime factors of 6116931580.
2, 5, 305846579
List the prime factors of 157744636.
2, 7, 5633737
List the prime factors of 1595616067.
19, 223, 359, 1049
List the prime factors of 31543756.
2, 919, 8581
List the prime factors of 4633459647.
3, 1544486549
List the prime factors of 5663534328.
2, 3, 78660199
List the prime factors of 190582298.
2, 8053, 11833
List the prime factors of 31849701.
3, 13, 457, 1787
List the prime factors of 1381071283.
173, 1493, 5347
What are the prime factors of 76686415?
5, 13, 43, 27437
List the prime factors of 1143795242.
2, 571897621
What are the prime factors of 291792757?
643, 453799
What are the prime factors of 560041382?
2, 3727, 75133
What are the prime factors of 2152127466?
2, 3, 119562637
What are the prime factors of 56125316?
2, 13, 19, 56807
What are the prime factors of 251577534?
2, 3, 13, 59, 54667
List the prime factors of 510035992.
2, 29, 2198431
List the prime factors of 1698535452.
2, 3, 29, 89, 173, 317
What are the prime factors of 262591920?
2, 3, 5, 23, 101, 157
What are the prime factors of 470649105?
3, 5, 157, 66617
List the prime factors of 2493240824.
2, 3203, 97301
List the prime factors of 125125810.
2, 5, 2083, 6007
What are the prime factors of 1287096855?
3, 5, 11, 43, 181409
List the prime factors of 192998927.
11, 67, 307, 853
What are the prime factors of 335095156?
2, 11, 787, 9677
List the prime factors of 52487464.
2, 31, 211643
List the prime factors of 729672536.
2, 829, 110023
List the prime factors of 116816035.
5, 7, 3337601
What are the prime factors of 13120738?
2, 41, 160009
List the prime factors of 59556995.
5, 1259, 9461
List the prime factors of 590035221.
3, 65559469
What are the prime factors of 87762225?
3, 5, 61, 19183
List the prime factors of 35226955.
5, 7045391
List the prime factors of 401316561.
3, 3851, 11579
What are the prime factors of 1298436437?
103, 12606179
List the prime factors of 188225968.
2, 7, 1680589
List the prime factors of 5337849457.
149, 35824493
What are the prime factors of 2100703522?
2, 1050351761
What are the prime factors of 398386441?
4583, 86927
List the prime factors of 71134026.
2, 3, 31, 281, 1361
What are the prime factors of 5815350?
2, 3, 5, 12923
What are the prime factors of 376429365?
3, 5, 13, 643469
List the prime factors of 180188844.
2, 3, 11, 124097
List the prime factors of 242530803.
3, 743, 36269
List the prime factors of 78421273.
7, 11203039
What are the prime factors of 43872288?
2, 3, 457003
List the prime factors of 1340901537.
3, 17, 53, 496079
What are the prime factors of 154067409?
3, 19, 23, 43, 911
List the prime factors of 872769391.
13, 53, 1266719
What are the prime factors of 55748657?
55748657
What are the prime factors of 338184973?
7, 48312139
What are the prime factors of 25465310?
2, 5, 13, 195887
List the prime factors of 1131395046.
2, 3, 137, 1376393
What are the prime factors of 37539607?
7, 829, 6469
List the prime factors of 401730905.
5, 433, 185557
What are the prime factors of 29946697?
11, 2722427
What are the prime factors of 1855798981?
1855798981
What are the prime factors of 1112473982?
2, 17, 23, 1422601
What are the prime factors of 15041504?
2, 47, 73, 137
What are the prime factors of 56956177?
83, 269, 2551
List the prime factors of 6567978073.
6567978073
List the prime factors of 26278316.
2, 6569579
What are the prime factors of 156880097?
11, 17, 838931
What are the prime factors of 865426259?
17, 50907427
List the prime factors of 4330658277.
3, 11, 19, 71, 1201
List the prime factors of 1168160697.
3, 11, 1311067
What are the prime factors of 116762054?
2, 58381027
List the prime factors of 793416227.
793416227
What are the prime factors of 878412636?
2, 3, 19, 257, 263
List the prime factors of 31844119.
251, 293, 433
List the prime factors of 47100248.
2, 13, 457, 991
List the prime factors of 5127963811.
47, 1867, 58439
What are the prime factors of 79380989?
181, 438569
What are the prime factors of 308920600?
2, 5, 17, 43, 2113
What are the prime factors of 70720776?
2, 3, 7, 5197
List the prime factors of 287711976.
2, 3, 503, 23833
What are the prime factors of 1115429813?
29, 38463097
List the prime factors of 150452771.
7, 17, 229, 5521
What are the prime factors of 3653495463?
3, 109, 11172769
What are the prime factors of 1148910976?
2, 37, 242591
List the prime factors of 186316838.
2, 17, 461, 11887
List the prime factors of 965870367.
3, 7, 11, 4181257
List the prime factors of 21154667.
43, 491969
What are the prime factors of 278859034?
2, 3469, 40193
List the prime factors of 110544286.
2, 5413, 10211
List the prime factors of 281845096.
2, 13, 53, 51133
What are the prime factors of 19520912?
2, 263, 4639
List the prime factors of 1597982832.
2, 3, 11097103
What are the prime factors of 2928603246?
2, 3, 599, 814859
What are the prime factors of 1070071264?
2, 33439727
List the prime factors of 110690868.
2, 3, 9224239
List the prime factors of 2074264921.
6373, 325477
What are the prime factors of 599301966?
2, 3, 859, 116279
What are the prime factors of 390090040?
2, 5, 83, 117497
What are the prime factors of 47541838?
2, 19, 1251101
List the prime factors of 440329157.
440329157
List the prime factors of 150018374.
2, 11, 23, 296479
List the prime factors of 20532556.
2, 11, 466649
List the prime factors of 206529557.
13, 71, 223759
List the prime factors of 787850793.
3, 41, 237233
List the prime factors of 70412940.
2, 3, 5, 13, 30091
What are the prime factors of 226122236?
2, 17, 3325327
What are the prime factors of 8220581500?
2, 5, 1021, 16103
What are the prime factors of 1989523283?
11, 180865753
What are the prime factors of 967160028?
2, 3, 23, 79, 44357
List the prime factors of 93322231.
17, 863, 6361
What are the prime factors of 47439292?
2, 131, 90533
List the prime factors of 2327498427.
3, 139, 5581531
List the prime factors of 3140628969.
3, 43, 983, 24767
List the prime factors of 122746632.
2, 3, 5114443
What are the prime factors of 18058132?
2, 19, 237607
List the prime factors of 123014708.
2, 30753677
List the prime factors of 4676122062.
2, 3, 829, 34819
List the prime factors of 598603155.
3, 5, 811, 49207
List the prime factors of 439121761.
13, 283, 119359
What are the prime factors of 1954807638?
2, 3, 7, 46543039
List the prime factors of 2647858479.
3, 7, 126088499
List the prime factors of 251967043.
251967043
What are the prime factors of 9429608?
2, 1178701
What are the prime factors of 1500607169?
97, 137, 112921
What are the prime factors of 251327778?
2, 3, 13, 3222151
List the prime factors of 298585733.
298585733
List the prime factors of 50600732.
2, 7, 13, 2837
List the prime factors of 4004297443.
19, 167, 211, 5981
List the prime factors o